 0*l + 5*b - 165, -141 = -4*l + 5*b. What are the prime factors of l?
2, 17
Let y(q) = -7*q**3 - 2*q - 1. Let p = -1 - -4. Suppose 4 = -4*z - 4, -p*h - 7 = 2*z. What are the prime factors of y(h)?
2
Suppose 6 = 4*s - 6. Suppose -2*a - 3*f + 31 = 0, -3*a = s*f - 49 - 2. What are the prime factors of a?
2, 5
Suppose 3*z - a = -2 + 1, 10 = -5*a. List the prime factors of (z/(-2))/(2/44).
11
Suppose 0 = -4*k + 2*v + 580 - 32, 4*k - 4*v = 540. What are the prime factors of k?
139
Let j(z) be the first derivative of z**2 - 8*z + 5. List the prime factors of j(9).
2, 5
Let m(x) = -2*x + 44. List the prime factors of m(0).
2, 11
Suppose -40 = 2*f + i - 172, 4*i - 59 = -f. Let x = f + -35. What are the prime factors of x?
2
Let p(n) = -n**2 + 19. Let d be p(0). Let a = 9 - d. Let i = a - -16. What are the prime factors of i?
2, 3
Let j(p) be the third derivative of -p**6/120 + p**5/60 + p**3/6 + p**2. What are the prime factors of j(-2)?
13
Suppose 3*o = o + 8. Suppose -2*x = 5*z - 47, 0 = o*z - 0*z - 4*x - 60. Let m = z + 0. List the prime factors of m.
11
Suppose -5*f = -15, 4*x - f = 30 + 27. Suppose -h - x = s, 0*s = s. List the prime factors of ((-12)/(-15))/((-1)/h).
2, 3
What are the prime factors of 2*-4*515/(-40)?
103
Let x(s) = s**2 + 6*s. Let o be x(-6). Let l(y) = y**3 + 0 + 0*y**3 - y**2 - y + 10. What are the prime factors of l(o)?
2, 5
Suppose -a + 41 = 3*z, 8*z - 3*z + 93 = 2*a. Let l = a - 19. What are the prime factors of l?
5
Suppose -g - 94 = -3*g - 4*r, 3*r = 5*g - 222. What are the prime factors of g?
3, 5
Let v(c) be the third derivative of 0 + 1/60*c**5 + 1/6*c**4 - 3*c**2 + 0*c + 2/3*c**3. List the prime factors of v(-4).
2
Let u(g) = -4*g - 3. Let i be u(-7). Let r = 2 + i. Suppose -l = -2*w + l + 12, -2*w - l = -r. List the prime factors of w.
11
Suppose -5*x = 5, 2*c = c - 4*x - 1. Suppose -c - 2 = -j. Suppose -j = 5*i - 30. What are the prime factors of i?
5
Let n(m) = -6*m - m - m**2 + 1 + 0*m + 0*m. What are the prime factors of n(-5)?
11
Let r = -1 + 9. What are the prime factors of r?
2
Let y(h) = h**3 + 7*h**2 + 8*h + 3. Let n be y(-5). Let d = 16 - n. What are the prime factors of d?
3
Suppose -l + 574 = 5*o - 2*l, -2*o = -2*l - 236. List the prime factors of o.
2, 3, 19
Let r(n) = n + 3 + 2*n - 13. Let q be r(8). Suppose -q - 19 = -3*y. What are the prime factors of y?
11
Suppose -8*d = -3*l - 7*d + 88, -2*l - 3*d + 66 = 0. List the prime factors of l.
2, 3, 5
Suppose -9*p = -11*p + 58. What are the prime factors of p?
29
Let j = -5 - -7. Suppose -2*c + 26 + 10 = -4*n, 4*c + 18 = -j*n. List the prime factors of (-119)/(-9) + 2/n.
13
Suppose 2*t = -4*i + 144, 5*i = i + 2*t + 144. What are the prime factors of i?
2, 3
Suppose 0 = -3*z + 9, -4*z - 480 = -3*i - 3*z. List the prime factors of i.
7, 23
Suppose -2*s - 3*s + 8 = t, -s = -2. Let b(m) = -m**3 - 5*m**2 - 4*m + 2. Let k be b(-5). List the prime factors of k/4 + t/(-4).
2, 3
Suppose 0 = 5*u + k - 12, 2*k - k = -u + 4. Let n = u + 2. Suppose -n*r + 11 = -3*r. What are the prime factors of r?
11
Let l(y) = -y**2 - 7*y + 10. Let c be l(-8). Suppose -5*o = -5*q - 40, 4*o - c*q = 3*o + 12. Suppose -5*n + 54 = o. What are the prime factors of n?
2, 5
List the prime factors of (6 - 5) + -2 + 17.
2
Let o(z) = 1 + 5*z - 1 + 1 - z**2. Let y be o(6). List the prime factors of (-21)/y + 2/(-10).
2
Suppose q = 5*q + 4*k - 756, 377 = 2*q + 3*k. What are the prime factors of q?
2, 5, 19
Let w(r) = 3*r - 17. Let h(g) = g - 4. Let i(d) = -9*h(d) + 2*w(d). List the prime factors of i(-4).
2, 7
Suppose 2*z = -0*p + 2*p - 18, -40 = -4*p + 5*z. Let x(j) = j**2 - 2*j - 3. What are the prime factors of x(p)?
2, 3
Suppose 2 = -2*n, 4*u = 4*n - 3*n - 575. Let z = -103 - u. List the prime factors of z.
41
Let l(m) = -m - 2. Let o be l(2). Let c(s) = -4*s + 3. Let w be c(o). Let i = w + -4. What are the prime factors of i?
3, 5
Suppose -4*l = -5*m - 21, 4*m = 2*l - 7*l + 57. Let j = 16 - l. What are the prime factors of j?
7
Suppose 13 = -3*m + 3*z + 46, 5*z + 43 = 3*m. Suppose -m*f + 24 = -0*f. What are the prime factors of f?
2
Let y = -105 + 256. Suppose -p = -5*k - 46, 5*k - 3 = 3*p - y. What are the prime factors of p?
3, 17
Suppose -5 = -5*z + 20. Suppose z*s - 45 = -0*s. What are the prime factors of s?
3
Let a be (-86)/(-18) + 8/36. Suppose a*y + 22 = -8. Let v = 15 + y. List the prime factors of v.
3
Let s(v) = 2*v + 2. List the prime factors of s(4).
2, 5
Let t(p) = 7*p**2 + 3*p - 3. Let j be t(3). Let g be 583/121 + 2/11. Suppose -2*k = -g*k + j. List the prime factors of k.
23
Suppose -5*p = 2*k + k - 3, -4*k = 5*p - 4. Let l be (k - 1)/(-1) - -85. Suppose 0*i = 5*i - l. List the prime factors of i.
17
Suppose -3*j + 6 + 6 = 0. Suppose -4*a = 5*g - 84, 0 = 2*g + 2*a - j*a - 30. Suppose -3*v - g = -5*v. List the prime factors of v.
2
Let x(w) = -2*w - 1. Let d be ((-1*6)/(-3))/(-1). Let k be x(d). Suppose -k = -z + 2. List the prime factors of z.
5
What are the prime factors of 0 + (42*10)/5?
2, 3, 7
Let q(n) = -n**3 + 2*n**2 + 3*n + 4. Let o be q(3). Let j be o/(-16) - (-1)/4. Suppose 3 = z - j. What are the prime factors of z?
3
Let i(x) = -13*x + 1. What are the prime factors of i(-2)?
3
What are the prime factors of (-575)/(-4) - ((-5)/4 - -1)?
2, 3
Suppose 4*y + 83 = 359. Let t = y + -47. List the prime factors of t.
2, 11
Let c(d) = d**3 + d**2 + d - 2. Let z be c(0). Let j = z - -3. What are the prime factors of (-8 - -1)/(j*-1)?
7
Let v(s) = -s**2 - 11*s - 11. Let c be v(-10). What are the prime factors of (2 - -8) + (c - -4)?
13
Suppose 0 = -4*y - 11 - 1. Let a be (1 + -1)/(8/(-4)). What are the prime factors of 20 + y - (0 - a)?
17
Suppose q + 4 = -4*x, -4*q = 4*x - 2 + 6. Suppose q = -z + 4*z - 9. Suppose 2*u = z*u - 7. List the prime factors of u.
7
Suppose 4*j - 2 - 10 = -2*i, 0 = -5*i - 5*j + 55. What are the prime factors of (0 + 30)/(24/i)?
2, 5
Let k = 136 - 92. Suppose v + 5*l - 38 = -0*v, 2*v + 2*l - k = 0. List the prime factors of v.
2, 3
Let k = -36 - -51. What are the prime factors of k?
3, 5
Suppose -5*c + 30 = 5*u, u = -4*c - 4*u + 26. What are the prime factors of -28*(-4)/(32/c)?
2, 7
List the prime factors of (-2)/(-12) - 3717/(-54).
3, 23
Let n(l) = l**2 + 3*l + 4. Let h be (12/(-9))/4*15. List the prime factors of n(h).
2, 7
Let i = 6 - -18. Suppose -4*b + i = -2*b. What are the prime factors of b?
2, 3
List the prime factors of 2/(-4) - (447/(-6) - 2).
2, 19
Let d(a) = 2*a**3 - 3*a**2 + 2. Let g be d(2). Let y(j) = j**2 - 4*j - 8. Let b be y(g). Suppose -14 = -b*r + 10. What are the prime factors of r?
2, 3
Let v(h) be the first derivative of h**3/3 + 3*h**2/2 - 8*h + 1. Suppose -27 + 6 = 2*i - 3*a, -2*a + 18 = -2*i. List the prime factors of v(i).
2, 5
Let u = 73 - 51. What are the prime factors of u?
2, 11
Let a = 25 - -25. What are the prime factors of a?
2, 5
Let s(g) = -2*g**3 - 29*g**2 - g + 27. List the prime factors of s(-15).
3, 89
Suppose h + 236 = 5*h. List the prime factors of h.
59
Let d = 18 - 12. Let v(c) = c**2 - 6*c. Let i be v(d). Suppose i = 5*z + 4*b - 33, z + 0 = b + 3. List the prime factors of z.
5
Let l(z) = -5*z - 9. Let i be l(5). What are the prime factors of -2 - 4/8*i?
3, 5
Let b = 0 - -3. Let a(t) be the first derivative of t**2/2 - t - 1. What are the prime factors of a(b)?
2
Let k(c) = 41*c**3 + c**2 - 2*c + 1. Suppose -4*p + 9*p - 5 = 0. Let o be k(p). Let t = o + -27. List the prime factors of t.
2, 7
Let i(m) = -15*m + 23. What are the prime factors of i(-5)?
2, 7
Suppose 3*k - 9 - 9 = 0. Suppose m - k*m = -60. Suppose -v + m = 3*v. What are the prime factors of v?
3
Suppose 33 = -4*j + h + 194, -158 = -4*j - 2*h. List the prime factors of j.
2, 5
Suppose 73 = 4*l + 3*n, 4*l - 28 - 33 = n. Let m = -7 + l. List the prime factors of m.
3
Let l = 0 - -27. What are the prime factors of l?
3
Let u be 9 + (2 - 1/(-1)). What are the prime factors of 25/(-10)*u/(-5)?
2, 3
Let a(r) = -r**3 - r**2 + 6*r - 4. Let z(k) = -k**3 - 2*k**2 + 11*k - 7. Let m(u) = -5*a(u) + 3*z(u). Let l = 2 - 0. List the prime factors of m(l).
17
Let q = 0 + 3. Suppose -q*a = -u - 0*u - 6, -3 = -a. What are the prime factors of u?
3
Let d = 1 - -3. What are the prime factors of d?
2
Suppose 4*s - 265 + 65 = 0. Let x = s + -31. List the prime 